What is 53 (base 10) in base 6?
125
What is 1 (base 4) in base 13?
1
What is 4 (base 10) in base 2?
100
-45 (base 8) to base 10
-37
-101 (base 2) to base 14
-5
Convert 10002 (base 3) to base 13.
65
What is -13 (base 11) in base 15?
-e
10322 (base 4) to base 6
1242
Convert -5 (base 9) to base 14.
-5
62 (base 13) to base 14
5a
Convert 24 (base 14) to base 16.
20
Convert -19 (base 13) to base 5.
-42
4 (base 16) to base 6
4
What is -220 (base 6) in base 15?
-59
Convert 10220 (base 3) to base 12.
89
What is -33 (base 6) in base 15?
-16
-2 (base 4) to base 8
-2
10010 (base 3) to base 12
70
What is 4 (base 9) in base 6?
4
Convert -5 (base 15) to base 6.
-5
Convert 3 (base 13) to base 4.
3
Convert 20 (base 13) to base 12.
22
What is 44 (base 7) in base 12?
28
Convert 85 (base 14) to base 16.
75
What is -1 (base 11) in base 16?
-1
12 (base 4) to base 9
6
-2311 (base 4) to base 6
-501
What is -33 (base 5) in base 8?
-22
-14 (base 7) to base 12
-b
What is -2 (base 10) in base 14?
-2
What is -9 (base 11) in base 16?
-9
Convert -2 (base 4) to base 15.
-2
Convert 64 (base 9) to base 15.
3d
0 (base 6) to base 4
0
Convert 20 (base 11) to base 12.
1a
Convert 6 (base 10) to base 11.
6
Convert -15 (base 10) to base 8.
-17
Convert 3 (base 13) to base 3.
10
What is 23 (base 13) in base 5?
104
-6 (base 10) to base 9
-6
What is -4 (base 12) in base 3?
-11
-a4 (base 15) to base 13
-bb
What is 3 (base 14) in base 9?
3
2 (base 5) to base 2
10
What is -8 (base 10) in base 14?
-8
What is -35 (base 10) in base 11?
-32
220 (base 4) to base 7
55
-2 (base 15) to base 11
-2
Convert -6 (base 15) to base 14.
-6
6 (base 7) to base 10
6
-20 (base 3) to base 11
-6
Convert -466 (base 7) to base 4.
-3310
What is -106 (base 9) in base 10?
-87
0 (base 13) to base 5
0
Convert 14 (base 10) to base 13.
11
-133 (base 6) to base 2
-111001
39 (base 15) to base 13
42
13 (base 5) to base 7
11
212 (base 5) to base 14
41
What is 0 (base 13) in base 16?
0
-78 (base 9) to base 11
-65
0 (base 10) to base 2
0
1 (base 5) to base 6
1
What is 12 (base 12) in base 8?
16
What is -63 (base 15) in base 16?
-5d
-110100 (base 3) to base 7
-654
30 (base 5) to base 2
1111
Convert 4 (base 16) to base 7.
4
What is 116 (base 11) in base 3?
12010
-3 (base 15) to base 8
-3
Convert 121 (base 4) to base 12.
21
-10 (base 2) to base 9
-2
Convert 1a (base 14) to base 8.
30
Convert -25 (base 13) to base 6.
-51
Convert 3 (base 9) to base 13.
3
Convert 4 (base 9) to base 16.
4
What is 11111 (base 2) in base 7?
43
Convert -83 (base 11) to base 8.
-133
What is -ab (base 15) in base 10?
-161
Convert -2 (base 6) to base 8.
-2
Convert 77 (base 10) to base 9.
85
Convert -2a (base 12) to base 2.
-100010
3 (base 13) to base 16
3
Convert -35 (base 9) to base 12.
-28
Convert -282 (base 9) to base 5.
-1421
What is 1010 (base 5) in base 11?
109
What is 6 (base 9) in base 4?
12
-122 (base 3) to base 14
-13
Convert -33 (base 12) to base 8.
-47
Convert -10001 (base 2) to base 3.
-122
3 (base 8) to base 9
3
Convert -2 (base 13) to base 8.
-2
-387 (base 9) to base 3
-102221
-a (base 11) to base 10
-10
Convert 7 (base 11) to base 10.
7
Convert 54 (base 8) to base 13.
35
What is 7 (base 16) in base 14?
7
-3 (base 5) to base 15
-3
What is -1000111 (base 2) in base 9?
-78
Convert 3 (base 9) to base 12.
3
What is 1 (base 6) in base 14?
1
What is 3 (base 6) in base 4?
3
Convert -44 (base 15) to base 5.
-224
Convert 0 (base 2) to base 9.
0
0 (base 11) to base 4
0
Convert -34 (base 11) to base 8.
-45
-13 (base 6) to base 15
-9
110010 (base 2) to base 3
1212
-39 (base 12) to base 6
-113
6 (base 11) to base 8
6
Convert 7 (base 14) to base 9.
7
-52 (base 8) to base 13
-33
23 (base 6) to base 10
15
5 (base 15) to base 9
5
What is 242 (base 5) in base 13?
57
What is 66 (base 14) in base 15?
60
Convert 35 (base 15) to base 10.
50
Convert 0 (base 10) to base 9.
0
What is 13 (base 4) in base 2?
111
Convert -1001 (base 2) to base 14.
-9
3212 (base 4) to base 9
275
-5 (base 7) to base 13
-5
What is 15 (base 9) in base 4?
32
What is -3 (base 15) in base 10?
-3
What is -2b (base 12) in base 10?
-35
What is 3 (base 10) in base 8?
3
-3 (base 11) to base 3
-10
What is 0 (base 4) in base 5?
0
Convert 12 (base 4) to base 6.
10
111 (base 3) to base 10
13
Convert 0 (base 14) to base 16.
0
What is 0 (base 12) in base 3?
0
-203 (base 5) to base 9
-58
0 (base 11) to base 8
0
What is 1021 (base 3) in base 6?
54
Convert 33 (base 7) to base 15.
19
Convert -9 (base 12) to base 10.
-9
What is 23 (base 7) in base 14?
13
31 (base 4) to base 12
11
Convert -13 (base 6) to base 5.
-14
What is 52 (base 8) in base 7?
60
Convert 24 (base 5) to base 15.
e
What is -8 (base 10) in base 3?
-22
-2 (base 5) to base 11
-2
What is 3 (base 9) in base 4?
3
8 (base 12) to base 7
11
Convert 15 (base 12) to base 11.
16
-10a (base 11) to base 14
-95
What is 12 (base 3) in base 8?
5
What is 332 (base 5) in base 16?
5c
What is -3 (base 11) in base 16?
-3
What is 1 (base 16) in base 12?
1
3 (base 14) to base 7
3
9 (base 16) to base 10
9
Convert -17 (base 13) to base 6.
-32
Convert -2b (base 13) to base 6.
-101
What is -1d3 (base 15) in base 2?
-110100111
Convert 11 (base 9) to base 7.
13
What is -1 (base 8) in base 3?
-1
What is -121 (base 3) in base 11?
-15
What is -7 (base 9) in base 15?
-7
Convert c (base 14) to base 12.
10
Convert 4 (base 9) to base 2.
100
What is 24 (base 16) in base 4?
210
What is -10101011 (base 2) in base 4?
-2223
1110010 (base 2) to base 15
79
What is -20 (base 5) in base 12?
-a
What is -9 (base 11) in base 10?
-9
What is -27 (base 8) in base 12?
-1b
Convert 116 (base 7) to base 6.
142
What is -3 (base 11) in base 5?
-3
What is -2 (base 13) in base 7?
-2
What is 110 (base 5) in base 7?
42
17 (base 11) to base 10
18
-3 (base 6) to base 16
-3
What is -6 (base 13) in base 8?
-6
Convert c (base 13) to base 14.
c
What is -13 (base 16) in base 12?
-17
What is -23 (base 4) in base 12?
-b
What is 3 (base 13) in base 2?
11
151 (base 9) to base 14
91
-33 (base 7) to base 4
-120
-6 (base 13) to base 4
-12
Convert -35 (base 7) to base 15.
-1b
What is 4 (base 9) in base 12?
4
What is 10023 (base 4) in base 10?
267
1 (base 5) to base 6
1
Convert -4 (base 14) to base 13.
-4
1 (base 16) to base 10
1
2000 (base 3) to base 9
60
-4 (base 13) to base 10
-4
Convert -125 (base 10) to base 15.
-85
Convert 8 (base 14) to base 10.
8
Convert 3 (base 4) to base 7.
3
What is -2c (base 16) in base 6?
-112
8 (base 15) to base 8
10
Convert 220 (base 7) to base 10.
112
What is 11 (base 15) in base 14?
12
Convert -9 (base 14) to base 5.
-14
-41 (base 9) to base 7
-52
Convert 15 (base 6) to base 11.
10
What is -16 (base 9) in base 11?
-14
2 (base 7) to base 8
2
Convert 2 (base 3) to base 4.
2
-1 (base 6) to base 8
-1
Convert -3 (base 6) to base 12.
-3
What is -16 (base 12) in base 11?
-17
Convert 8 (base 14) to base 2.
1000
3 (base 10) to base 16
3
Convert -122 (base 4) to base 15.
-1b
5 (base 14) to base 15
5
What is -10 (base 12) in base 8?
-14
Convert 2 (base 12) to base 6.
2
-1100 (base 2) to base 8
-14
What is -201 (base 3) in base 9?
-21
4 (base 9) to base 8
4
What is 3 (base 9) in base 10?
3
2 (base 9) to base 7
2
-1 (base 9) to base 4
-1
What is 16 (base 13) in base 11?
18
-3 (base 15) to base 7
-3
What is -10 (base 4) in base 8?
-4
-19 (base 13) to base 16
-16
Convert 0 (base 11) to base 15.
0
-12 (base 15) to base 3
-122
1 (base 4) to base 13
1
Convert 6 (base 9) to base 15.
6
What is -26 (base 9) in base 8?
-30
What is -1 (base 16) in base 3?
-1
15 (base 7) to base 15
c
Convert 44 (base 10) to base 5.
134
Convert -1 (base 4) to base 12.
-1
-11 (base 2) to base 16
-3
Convert 4 (base 6) to base 5.
4
What is 4 (base 13) in base 8?
4
Convert -24 (base 5) to base 13.
-11
Convert 51 (base 16) to base 4.
1101
Convert 110 (base 10) to base 15.
75
Convert 1 (base 4) to base 12.
1
Convert 26 (base 10) to base 9.
28
b3 (base 14) to base 7
313
102121 (base 3) to base 4
10321
-1c (base 16) to base 11
-26
Convert -1233 (base 4) to base 15.
-76
Convert -1001111 (base 2) to base 9.
-87
Convert 26 (base 10) to base 14.
1c
What is 2 (base 10) in base 15?
2
-1310 (base 5) to base 6
-541
-9 (base 11) to base 5
-14
What is -21 (base 4) in base 8?
-11
-b (base 13) to base 2
-1011
Convert -63 (base 14) to base 5